i - 29664 = 1343*i. What is the units digit of i?
8
Suppose 3*b = h + 2*b + 1, 3*h + 5*b = 37. Suppose 3*r = 2*r - 4*t + h, -4*t + 12 = 3*r. Suppose -7*l + r*l + 621 = 0. What is the units digit of l?
7
Suppose 9*u + 4*u + 78 = 0. What is the tens digit of -1 + 6/u + 446?
4
Suppose -432*l - 19473 = -3*z - 437*l, 5*l = -z + 6501. What is the units digit of z?
6
Let k(a) = 102*a**2 - 20*a + 634. What is the hundreds digit of k(15)?
2
Let v(w) = -5*w**2 - 31*w - 4. Let y be v(-6). What is the hundreds digit of ((-2)/(-3 + -5))/(y/1576)?
1
Let x(m) = -256*m**3 - 4*m - 4. Let h be x(-1). Suppose 3*c = c + 4*t + 196, -c + 4*t = -94. Suppose 100*p + h = c*p. What is the units digit of p?
8
Let r(x) = 2*x**2 - 8*x + 9. Let y be r(6). Suppose v + 6 + y = 0. Let o = v - -124. What is the tens digit of o?
8
Suppose -5*r + 3746 = 2*v, -5*r = -4033*v + 4036*v - 5614. What is the thousands digit of v?
1
Suppose -5*i - 8*h + 575 = -3*h, 5*h = -5. Let y be (-23 + 26)*i/6. Suppose y*m - 53*m - 530 = 0. What is the tens digit of m?
0
Let g(k) = 12*k**2 - k + 1. Let l be g(1). Suppose l = -2*b + 132. Suppose b = 5*q - q. What is the units digit of q?
5
Let p = 239 + 31. Suppose -l + 4*f = -84 - 165, p = l + 3*f. What is the units digit of l?
1
Let m(w) = 13*w + 19. Let h be m(-8). Let y = -76 - h. What is the units digit of 483/y + 20/15?
5
Let z = 8627 - 5630. What is the units digit of z?
7
Let x(r) = -r**2 + 33*r - 254. Let l be x(17). Let u(q) = 2*q**2 - 19*q + 81. What is the units digit of u(l)?
7
Let o(t) = -358*t**3 + 13*t**2 + 29*t + 1. What is the units digit of o(-2)?
9
Suppose -818 = -2*q - 4*p, 5*q + 8*p - 11*p - 1980 = 0. Let d = 517 - q. What is the units digit of d?
8
Suppose 0 = 18*u + 71*u - 13*u - 849224. What is the ten thousands digit of u?
1
Let k be (-9)/(81/(-18))*(-2 + 3). What is the units digit of k + 243/(-18)*(-16)/6?
8
Let y be -2 + 320 + (15/(-3) - -9). Suppose -641*k = -643*k + y. What is the hundreds digit of k?
1
Let y(f) be the first derivative of f**6/120 + f**5/40 - 11*f**4/12 + 28*f**3/3 + 4. Let z(n) be the third derivative of y(n). What is the tens digit of z(5)?
6
Suppose -39454 = -4*o + 2*g, -3*o - 61*g = -59*g - 29573. What is the units digit of o?
1
Suppose -2*d - 78448 = -5*g, 102*d - 109*d = g - 15734. What is the hundreds digit of g?
6
Let p(a) = -170*a**2 + 13630. What is the units digit of p(0)?
0
Suppose 0 = 3*a + 5*s - 5144 - 11843, 2*a = 3*s + 11331. What is the hundreds digit of a?
6
What is the thousands digit of ((-18782)/3)/(-17 - (-196)/12)?
9
Suppose -2*p + 805 = 4*f - 7*f, 806 = 2*p - 2*f. Suppose -5*j = -9*j + p. What is the hundreds digit of j?
1
Suppose -3*s - 5*g = -g - 1418, g + 4 = 0. Let z = 219 + s. What is the units digit of z?
7
Let d(f) = -58*f - 92 - 19*f + 21*f. What is the tens digit of d(-14)?
9
What is the thousands digit of (0 - -20866)*(84/8)/21?
0
Let m(l) = 39*l**2 + 3*l - 26. Let h = -459 + 454. What is the tens digit of m(h)?
3
What is the tens digit of (14*434/392)/(2/536)?
5
Let g = 71 + -142. Let j = g + 74. Let c(w) = 7*w - 16. What is the units digit of c(j)?
5
Suppose -5*q - z = 3*z - 17, 4*z = -4*q + 12. Suppose 10*i = m + q*i - 44, 2*m - 3*i = 102. What is the units digit of m?
4
Let h(k) = -9*k + 201. Let b(x) = -3*x + 67. Let w(u) = -8*b(u) + 3*h(u). What is the units digit of w(-18)?
1
Let u(b) = 133*b**3 - 44*b**2 + 11*b - 182. What is the hundreds digit of u(8)?
1
Suppose -544 - 561 = 5*w. Let b = w + 453. Suppose 4*m + 5*t = 281, -5*m + 108 = 4*t - b. What is the tens digit of m?
6
Let t = -18939 + 24007. What is the hundreds digit of t?
0
Let i(d) be the first derivative of -17*d**3/6 - 2*d**2 - 12*d - 12. Let m(h) be the first derivative of i(h). What is the units digit of m(-2)?
0
Suppose -380 = -3*z - 935. Let t = -149 - z. What is the tens digit of t?
3
Let l be (-216)/(-4) + 3 + -7. Suppose 4*z - 3*z - l = 0. Suppose 272 + z = 7*y. What is the units digit of y?
6
What is the tens digit of (2451/76)/43*(18504 + 2 + -2)?
7
Let u(v) = 18187*v**3 - 7*v**2 + 21*v - 18. What is the hundreds digit of u(1)?
1
Let c(p) = -p**2 - p. Let x(n) = 276*n**2 + 2 - 3*n**3 - 3 - 4*n - 277*n**2. Let k(t) = c(t) + x(t). What is the hundreds digit of k(-4)?
1
Suppose -89*b + 168*b + 76853 = 86*b. What is the thousands digit of b?
0
Let d = 13522 + 8. What is the hundreds digit of d?
5
Suppose -3*k = -3*y - 618, -7*y + 3*y - 3*k - 831 = 0. Let f = y - -442. What is the units digit of f?
5
Let m be (-6)/8*-4 + 1 + 37. Let g be ((m - 1) + -2)*-2. Let h = g + 139. What is the units digit of h?
3
Suppose z + 3*x - x = 24, 5*x = -5*z + 95. Let t = -70 + 140. What is the tens digit of z/t + (-119)/(-5)?
2
Let a = 216 + -269. Suppose 4*c + 74 = 566. Let b = c + a. What is the tens digit of b?
7
Let c(z) = z**2 - z - 47. Let q be (-4 - 0)*(1 + 0 + 3). What is the hundreds digit of c(q)?
2
Suppose 210*g = 253*g - 263719. What is the units digit of g?
3
Let t(c) = -10*c + 52. Let z be t(5). Suppose -2*b + 4*o - 127 = -795, 4*b + z*o - 1286 = 0. What is the tens digit of b?
2
Suppose a - 739366 = -13*a - 5*a. What is the hundreds digit of a?
9
Suppose 40*f + 37*f = -5*f + 1737252. What is the tens digit of f?
8
Let u be ((-30)/4 - (-1)/2) + 3. Let o be (-4)/14 + u + (-44)/(-7). Suppose -o*d + 4*t = -246, 4*d - 369 = d - t. What is the hundreds digit of d?
1
What is the hundreds digit of 0 + 5 - ((-66)/55)/(20/13150)?
7
What is the units digit of ((-3)/(-9))/(113/360018)?
2
Suppose -f - 4 = -2*l, -5*f - 9*l = -11*l + 4. Suppose f = -p - 3, 3*b - 5*p - 250 - 437 = 0. What is the hundreds digit of b?
2
Suppose -3*n = -k + 17102, 0 = 4*k + 18*n - 15*n - 68318. What is the thousands digit of k?
7
Suppose 2*v - 5*t = 14814, 4*v + 3*t = -2*t + 29688. What is the thousands digit of v?
7
Let r = 48 - 32. Suppose -w = w - r. What is the hundreds digit of 2/w + ((-26949)/12)/(-13)?
1
Suppose -5*h - 2*i + 298 = 0, -3*h - h = 3*i - 244. Suppose 3*k = j + h + 1665, -5*j = -3*k + 1739. What is the tens digit of k?
7
Let m = 201 - 196. Suppose 0 = 6*q - q - 3*u - 1302, 4*q = m*u + 1039. What is the units digit of q?
1
What is the hundreds digit of (-3)/((-45)/2)*-4835*495/(-22)?
5
Let r = 24124 - 5967. What is the tens digit of r?
5
Suppose -2*c + 20 = -y + 2*c, y = 3*c - 17. What is the hundreds digit of (255 - (-48)/y)*(-8)/(-6)?
3
Let g(u) = 8*u - 3. Let y be g(1). Suppose 8 = 2*q - 6*q, 538 = y*v - 4*q. Suppose -v = -3*r + 20. What is the tens digit of r?
4
Let t be 5*(-1)/((-5)/(-5)). What is the tens digit of t + 13/(52/1488)?
6
Let c = 13189 + -4111. What is the tens digit of c?
7
Suppose 5*g - 2161 - 711 = -3*v, -3*v = -g + 560. What is the units digit of g?
2
Let r = -9161 + 15944. What is the hundreds digit of r?
7
Let f(p) = 3119*p + 2678. What is the units digit of f(7)?
1
Let u be (-21 - -3)*(1/3 + -1). Let b = -9 - u. Let s = b + 25. What is the units digit of s?
4
Suppose -z = i, -4*i + z - 43 + 18 = 0. Let r(p) = -4*p**3 - 1 - 2*p + 2*p**3 - 6*p**2 - 3*p. What is the tens digit of r(i)?
2
Let g(a) = 22*a**2 - 5*a - 12. Suppose -6*b + 3*b + 117 = 3*t, -68 = -2*t + 3*b. Let n = t - 39. What is the tens digit of g(n)?
8
Suppose -c - 2*j + 25 = 0, -3*c + 3*j - 72 = -6*c. Suppose c = -5*o + 768. What is the hundreds digit of o?
1
Let m(q) = 146*q + 76. Let o be m(6). Suppose 0 = -2*t + o + 244. What is the units digit of t?
8
Let p(r) = 26*r**2 - 3*r - 1. Let b be p(-2). Let v = b + -107. Suppose -v = 3*g - 59. What is the units digit of g?
9
Suppose -4*p = 33*j - 18*j - 87649, p + 5842 = j. What is the thousands digit of j?
5
Let y = -97 - 15. Let z = y + 78. Let u = z + 111. What is the tens digit of u?
7
Let n(y) = y**3 + 3*y**2 - y - 2. Let c(b) = -b - 6. Let w be c(-3). Let o be n(w). What is the tens digit of 5*(12 - (0 - o))?
6
Let w = 41148 + -24482. What is the tens digit of w?
6
Suppose 17 - 101 = -3*r - 3*v, -3*r + 5*v + 60 = 0. Let j = r - 33. What is the tens digit of -4 - (-7 + j)*(-16)/(-5)?
4
Let q(i) = -i**2 - 3*i + 2. Let m be q(-3). Suppose -97 = m*v + 1. Let d = -29 - v. What is the tens digit of d?
2
Let i = 245 + -287. What is the tens digit of (-6)/(i/12*(-3)/(-1603))?
1
Let w = -16540 + 32489. What is the hundreds digit of w?
9
Let f(t) = -t**3 - 18*t**2 - 17*t + 15. Let 